{"id":4992,"date":"2024-08-24T17:45:10","date_gmt":"2024-08-24T17:45:10","guid":{"rendered":"https:\/\/klnpigeon.com\/?post_type=product&#038;p=4992"},"modified":"2024-08-24T17:45:10","modified_gmt":"2024-08-24T17:45:10","slug":"versele-laga-colombine-vitavitamina-y-suplemento-mineral","status":"publish","type":"product","link":"https:\/\/klnpigeon.com\/index.php\/producto\/versele-laga-colombine-vitavitamina-y-suplemento-mineral\/","title":{"rendered":"Versele-Laga Colombine Vitavitamina y suplemento mineral"},"content":{"rendered":"<p>Vitaminas, oligoelementos y minerales en polvo<\/p>\n<p>Mezcla de vitaminas, minerales y oligoelementos para enriquecer las mezclas de cereales<br \/>\nIndispensable durante la \u00e9poca de cr\u00eda<br \/>\nF\u00e1cil de usar: en forma de polvo, se puede mezclar en seco con el alimento19.99<\/p>\n","protected":false},"excerpt":{"rendered":"<p>Vitaminas, oligoelementos y minerales en polvo Mezcla de vitaminas, minerales y oligoelementos para enriquecer las mezclas de cereales Indispensable durante la \u00e9poca de cr\u00eda F\u00e1cil de usar: en forma de polvo, se puede mezclar en seco con el alimento19.99<\/p>\n","protected":false},"featured_media":4993,"comment_status":"open","ping_status":"closed","template":"","meta":[],"product_cat":[15],"product_tag":[],"class_list":{"0":"post-4992","1":"product","2":"type-product","3":"status-publish","4":"has-post-thumbnail","6":"product_cat-sin-categorizar","8":"first","9":"instock","10":"shipping-taxable","11":"purchasable","12":"product-type-simple"},"jetpack_sharing_enabled":true,"_links":{"self":[{"href":"https:\/\/klnpigeon.com\/index.php\/wp-json\/wp\/v2\/product\/4992","targetHints":{"allow":["GET"]}}],"collection":[{"href":"https:\/\/klnpigeon.com\/index.php\/wp-json\/wp\/v2\/product"}],"about":[{"href":"https:\/\/klnpigeon.com\/index.php\/wp-json\/wp\/v2\/types\/product"}],"replies":[{"embeddable":true,"href":"https:\/\/klnpigeon.com\/index.php\/wp-json\/wp\/v2\/comments?post=4992"}],"wp:featuredmedia":[{"embeddable":true,"href":"https:\/\/klnpigeon.com\/index.php\/wp-json\/wp\/v2\/media\/4993"}],"wp:attachment":[{"href":"https:\/\/klnpigeon.com\/index.php\/wp-json\/wp\/v2\/media?parent=4992"}],"wp:term":[{"taxonomy":"product_cat","embeddable":true,"href":"https:\/\/klnpigeon.com\/index.php\/wp-json\/wp\/v2\/product_cat?post=4992"},{"taxonomy":"product_tag","embeddable":true,"href":"https:\/\/klnpigeon.com\/index.php\/wp-json\/wp\/v2\/product_tag?post=4992"}],"curies":[{"name":"wp","href":"https:\/\/api.w.org\/{rel}","templated":true}]}}