{"id":4862,"date":"2023-12-24T00:57:56","date_gmt":"2023-12-24T00:57:56","guid":{"rendered":"https:\/\/klnpigeon.com\/?post_type=product&#038;p=4862"},"modified":"2023-12-24T00:57:56","modified_gmt":"2023-12-24T00:57:56","slug":"gluca-cest-general-tonic-for-recovery","status":"publish","type":"product","link":"https:\/\/klnpigeon.com\/index.php\/producto\/gluca-cest-general-tonic-for-recovery\/","title":{"rendered":"Gluca Cest  &#8211; General Tonic for Recovery"},"content":{"rendered":"<p>UN T\u00d3NICO GENERAL A BASE DE GLUCOSA PARA UNA R\u00c1PIDA RECUPERACI\u00d3N DESPU\u00c9S DE UNA CARRERA<\/p>\n<p>Gluca Cest contiene glucosa, que es un carbohidrato de r\u00e1pida absorci\u00f3n que asegura una r\u00e1pida recuperaci\u00f3n despu\u00e9s de una carrera. Su vitamina C a\u00f1adida, un fuerte antioxidante, elimina la fatiga y sostiene la regeneraci\u00f3n de los tejidos.<\/p>\n<p>BENEFICIOS CLAVE<\/p>\n<p>Los suplementos a base de glucosa aseguran una r\u00e1pida recuperaci\u00f3n despu\u00e9s de una carrera<br \/>\nContiene vitamina C a\u00f1adida<br \/>\nIdeal para carreras de corta, media y larga distancia.<br \/>\nExcelente para usar durante per\u00edodos de temperaturas extremas y alto estr\u00e9s.<br \/>\nFormulado por colomb\u00f3filos y veterinarios.<br \/>\nHecho en Europa; Importado<br \/>\nIngredientes<\/p>\n<p>Glucosa, vitamina C<\/p>\n<p>Componentes anal\u00edticos<\/p>\n<p>Hidratos de Carbono 88,75%, Humedad 8,25%, Cenizas 0,10%<\/p>\n<p>Dosis<\/p>\n<p>10 g (2 cucharaditas) por 2 litros (1\/2 gal\u00f3n) de agua potable antes y despu\u00e9s del entrenamiento y la carrera.<\/p>\n","protected":false},"excerpt":{"rendered":"<p>UN T\u00d3NICO GENERAL A BASE DE GLUCOSA PARA UNA R\u00c1PIDA RECUPERACI\u00d3N DESPU\u00c9S DE UNA CARRERA Gluca Cest contiene glucosa, que es un carbohidrato de r\u00e1pida absorci\u00f3n que asegura una r\u00e1pida recuperaci\u00f3n despu\u00e9s de una carrera. Su vitamina C a\u00f1adida, un fuerte antioxidante, elimina la fatiga y sostiene la regeneraci\u00f3n de los tejidos. BENEFICIOS CLAVE Los<\/p>\n<div class=\"klb-readmore button\"><a class=\"btn link\" href=\"https:\/\/klnpigeon.com\/index.php\/producto\/gluca-cest-general-tonic-for-recovery\/\">Read More <i class=\"klbth-icon-right-arrow\"><\/i><\/a><\/div>\n","protected":false},"featured_media":4863,"comment_status":"open","ping_status":"closed","template":"","meta":[],"product_cat":[15],"product_tag":[],"class_list":{"0":"post-4862","1":"product","2":"type-product","3":"status-publish","4":"has-post-thumbnail","6":"product_cat-sin-categorizar","8":"first","9":"instock","10":"shipping-taxable","11":"purchasable","12":"product-type-simple"},"jetpack_sharing_enabled":true,"_links":{"self":[{"href":"https:\/\/klnpigeon.com\/index.php\/wp-json\/wp\/v2\/product\/4862","targetHints":{"allow":["GET"]}}],"collection":[{"href":"https:\/\/klnpigeon.com\/index.php\/wp-json\/wp\/v2\/product"}],"about":[{"href":"https:\/\/klnpigeon.com\/index.php\/wp-json\/wp\/v2\/types\/product"}],"replies":[{"embeddable":true,"href":"https:\/\/klnpigeon.com\/index.php\/wp-json\/wp\/v2\/comments?post=4862"}],"wp:featuredmedia":[{"embeddable":true,"href":"https:\/\/klnpigeon.com\/index.php\/wp-json\/wp\/v2\/media\/4863"}],"wp:attachment":[{"href":"https:\/\/klnpigeon.com\/index.php\/wp-json\/wp\/v2\/media?parent=4862"}],"wp:term":[{"taxonomy":"product_cat","embeddable":true,"href":"https:\/\/klnpigeon.com\/index.php\/wp-json\/wp\/v2\/product_cat?post=4862"},{"taxonomy":"product_tag","embeddable":true,"href":"https:\/\/klnpigeon.com\/index.php\/wp-json\/wp\/v2\/product_tag?post=4862"}],"curies":[{"name":"wp","href":"https:\/\/api.w.org\/{rel}","templated":true}]}}