{"id":4839,"date":"2023-10-06T00:15:42","date_gmt":"2023-10-06T00:15:42","guid":{"rendered":"https:\/\/klnpigeon.com\/?post_type=product&#038;p=4839"},"modified":"2025-05-12T14:01:05","modified_gmt":"2025-05-12T14:01:05","slug":"gluco-sport","status":"publish","type":"product","link":"https:\/\/klnpigeon.com\/index.php\/producto\/gluco-sport\/","title":{"rendered":"GLUCO SPORT"},"content":{"rendered":"<p>Informaci\u00f3n sobre Gluco Sport complemento para palomas<br \/>\nPREPARACI\u00d3N DE VITAMINAS CON AZ\u00daCARES LENTOS Y R\u00c1PIDOS PARA UN AUMENTO DE ENERG\u00cdA<\/p>\n<p>Az\u00facares lentos (maltodextrina) y az\u00facares r\u00e1pidos (dextrosa) el d\u00eda antes del enceste para mejorar el rendimiento del vuelo.<\/p>\n<p>Las vitaminas (A-D3-B1-B2-B3-B6-B12-CE-K3 y \u00e1cido f\u00f3lico) promueven el nivel de forma y tambi\u00e9n apoyan la resistencia y la recuperaci\u00f3n.<\/p>\n<p>Instrucciones de uso Gluco Sport Beyers 450gr<br \/>\n25 gr \/ 2 l de agua potable.<\/p>\n<p>Temporada deportiva: 1 a 2 d\u00edas antes del enceste (especialmente a altas temperaturas).<\/p>\n","protected":false},"excerpt":{"rendered":"<p>Informaci\u00f3n sobre Gluco Sport complemento para palomas PREPARACI\u00d3N DE VITAMINAS CON AZ\u00daCARES LENTOS Y R\u00c1PIDOS PARA UN AUMENTO DE ENERG\u00cdA Az\u00facares lentos (maltodextrina) y az\u00facares r\u00e1pidos (dextrosa) el d\u00eda antes del enceste para mejorar el rendimiento del vuelo. Las vitaminas (A-D3-B1-B2-B3-B6-B12-CE-K3 y \u00e1cido f\u00f3lico) promueven el nivel de forma y tambi\u00e9n apoyan la resistencia y<\/p>\n<div class=\"klb-readmore button\"><a class=\"btn link\" href=\"https:\/\/klnpigeon.com\/index.php\/producto\/gluco-sport\/\">Read More <i class=\"klbth-icon-right-arrow\"><\/i><\/a><\/div>\n","protected":false},"featured_media":4840,"comment_status":"open","ping_status":"closed","template":"","meta":[],"product_cat":[15],"product_tag":[],"class_list":{"0":"post-4839","1":"product","2":"type-product","3":"status-publish","4":"has-post-thumbnail","6":"product_cat-sin-categorizar","8":"first","9":"outofstock","10":"shipping-taxable","11":"purchasable","12":"product-type-simple"},"jetpack_sharing_enabled":true,"_links":{"self":[{"href":"https:\/\/klnpigeon.com\/index.php\/wp-json\/wp\/v2\/product\/4839","targetHints":{"allow":["GET"]}}],"collection":[{"href":"https:\/\/klnpigeon.com\/index.php\/wp-json\/wp\/v2\/product"}],"about":[{"href":"https:\/\/klnpigeon.com\/index.php\/wp-json\/wp\/v2\/types\/product"}],"replies":[{"embeddable":true,"href":"https:\/\/klnpigeon.com\/index.php\/wp-json\/wp\/v2\/comments?post=4839"}],"wp:featuredmedia":[{"embeddable":true,"href":"https:\/\/klnpigeon.com\/index.php\/wp-json\/wp\/v2\/media\/4840"}],"wp:attachment":[{"href":"https:\/\/klnpigeon.com\/index.php\/wp-json\/wp\/v2\/media?parent=4839"}],"wp:term":[{"taxonomy":"product_cat","embeddable":true,"href":"https:\/\/klnpigeon.com\/index.php\/wp-json\/wp\/v2\/product_cat?post=4839"},{"taxonomy":"product_tag","embeddable":true,"href":"https:\/\/klnpigeon.com\/index.php\/wp-json\/wp\/v2\/product_tag?post=4839"}],"curies":[{"name":"wp","href":"https:\/\/api.w.org\/{rel}","templated":true}]}}