{"id":4657,"date":"2023-08-01T00:09:17","date_gmt":"2023-08-01T00:09:17","guid":{"rendered":"https:\/\/klnpigeon.com\/?post_type=product&#038;p=4657"},"modified":"2024-01-08T15:40:28","modified_gmt":"2024-01-08T15:40:28","slug":"ropa-b-aceite-alimentario-2","status":"publish","type":"product","link":"https:\/\/klnpigeon.com\/index.php\/producto\/ropa-b-aceite-alimentario-2\/","title":{"rendered":"Ropa B Aceite Alimentario 2%"},"content":{"rendered":"<p class=\"p1\"><span class=\"s1\"><b>Mantenga a sus palomas libres de bacterias y hongos de forma natural.<\/b><\/span><\/p>\n<p class=\"p1\"><span class=\"s1\">ROPA-B Feeding Oil 2% (el \u00fanico original) es un alimento complementario para palomas.<\/span><\/p>\n<p class=\"p1\"><span class=\"s1\">ROPA-B Feeding Oil contiene un 2 % de aceite de or\u00e9gano y un veh\u00edculo.<\/span><\/p>\n<p class=\"p2\">Este producto est\u00e1 elaborado a base de aceite de or\u00e9gano extra\u00eddo de la planta del or\u00e9gano.\u00a0ROPA-B Feeding Oil 2% es un producto org\u00e1nico que no tiene efectos secundarios.\u00a0ROPA-B fue probado por TNO y su eficacia ha sido probada una y otra vez.<\/p>\n<p class=\"p1\"><span class=\"s1\"><b>Preventivo:<\/b>\u00a0ROPA-B Feeding Oil 2% se puede usar de forma segura durante todo el a\u00f1o a 5 ml por kilogramo de alimento.\u00a0Recomendamos usarlo 3 veces por semana para la prevenci\u00f3n y diariamente cuando las aves experimentan situaciones estresantes, es decir, transporte antes y recuperaci\u00f3n despu\u00e9s de la carrera.\u00a0<\/span><\/p>\n<p class=\"p2\"><b>Recuperaci\u00f3n del desaf\u00edo bacteriano o f\u00fangico:<\/b>\u00a0\u00a0\u00a010 ml por kilogramo de alimento durante 7 d\u00edas<\/p>\n<p class=\"p2\"><span class=\"s1\"><b>Disponible en:<\/b>\u00a0frascos de 500 ml y 1000 ml\u00a0<i>(se suministra con un tap\u00f3n dosificador y una jeringa para una medici\u00f3n f\u00e1cil y precisa).<\/i><\/span><\/p>\n","protected":false},"excerpt":{"rendered":"<p>Mantenga a sus palomas libres de bacterias y hongos de forma natural. ROPA-B Feeding Oil 2% (el \u00fanico original) es un alimento complementario para palomas. ROPA-B Feeding Oil contiene un 2 % de aceite de or\u00e9gano y un veh\u00edculo. Este producto est\u00e1 elaborado a base de aceite de or\u00e9gano extra\u00eddo de la planta del or\u00e9gano.\u00a0ROPA-B<\/p>\n<div class=\"klb-readmore button\"><a class=\"btn link\" href=\"https:\/\/klnpigeon.com\/index.php\/producto\/ropa-b-aceite-alimentario-2\/\">Read More <i class=\"klbth-icon-right-arrow\"><\/i><\/a><\/div>\n","protected":false},"featured_media":4658,"comment_status":"open","ping_status":"closed","template":"","meta":[],"product_cat":[213],"product_tag":[],"class_list":{"0":"post-4657","1":"product","2":"type-product","3":"status-publish","4":"has-post-thumbnail","6":"product_cat-ropa-b","8":"first","9":"outofstock","10":"shipping-taxable","11":"purchasable","12":"product-type-simple"},"jetpack_sharing_enabled":true,"_links":{"self":[{"href":"https:\/\/klnpigeon.com\/index.php\/wp-json\/wp\/v2\/product\/4657","targetHints":{"allow":["GET"]}}],"collection":[{"href":"https:\/\/klnpigeon.com\/index.php\/wp-json\/wp\/v2\/product"}],"about":[{"href":"https:\/\/klnpigeon.com\/index.php\/wp-json\/wp\/v2\/types\/product"}],"replies":[{"embeddable":true,"href":"https:\/\/klnpigeon.com\/index.php\/wp-json\/wp\/v2\/comments?post=4657"}],"wp:featuredmedia":[{"embeddable":true,"href":"https:\/\/klnpigeon.com\/index.php\/wp-json\/wp\/v2\/media\/4658"}],"wp:attachment":[{"href":"https:\/\/klnpigeon.com\/index.php\/wp-json\/wp\/v2\/media?parent=4657"}],"wp:term":[{"taxonomy":"product_cat","embeddable":true,"href":"https:\/\/klnpigeon.com\/index.php\/wp-json\/wp\/v2\/product_cat?post=4657"},{"taxonomy":"product_tag","embeddable":true,"href":"https:\/\/klnpigeon.com\/index.php\/wp-json\/wp\/v2\/product_tag?post=4657"}],"curies":[{"name":"wp","href":"https:\/\/api.w.org\/{rel}","templated":true}]}}