{"id":4487,"date":"2023-07-29T23:05:29","date_gmt":"2023-07-29T23:05:29","guid":{"rendered":"https:\/\/klnpigeon.com\/?post_type=product&#038;p=4487"},"modified":"2023-11-21T16:56:27","modified_gmt":"2023-11-21T16:56:27","slug":"cest-fly-power-tab-aumenta-el-acondicionamiento","status":"publish","type":"product","link":"https:\/\/klnpigeon.com\/index.php\/producto\/cest-fly-power-tab-aumenta-el-acondicionamiento\/","title":{"rendered":"Cest Fly Power Tab &#8211; Aumenta el acondicionamiento"},"content":{"rendered":"<h5>UN CONCENTRADO DE ELEMENTOS FISIOL\u00d3GICOS NUTRICIONALES QUE CONSTRUYEN Y FORTALECEN UN ORGANISMO SANO, RESISTENTE AL ESFUERZO F\u00cdSICO, LA FATIGA, EL ESTR\u00c9S Y LA ENFERMEDAD.<\/h5>\n<p>Fly Power est\u00e1 dise\u00f1ado en forma de tabletas como medida de administraci\u00f3n individual, para asegurar que cada paloma reciba la dosis adecuada.\u00a0De esta forma, las posibilidades de que el producto ejerza el potencial para el que fue creado aumentan exponencialmente: mejorando el rendimiento f\u00edsico en los periodos de esfuerzo y aumentando la vida deportiva de las palomas.<\/p>\n<h3>Beneficios del producto<\/h3>\n<ul>\n<li>Ayuda a aumentar la resistencia general, lo que minimiza el esfuerzo f\u00edsico, la fatiga, el estr\u00e9s y las enfermedades<\/li>\n<li>Formulado en forma de tableta permite una f\u00e1cil administraci\u00f3n individual, asegurando que cada paloma reciba la dosis recomendada<\/li>\n<li>Formulado por colomb\u00f3filos y veterinarios aviares<\/li>\n<li>fabricado en Europa;\u00a0importado<\/li>\n<\/ul>\n<h3>Ingredientes<\/h3>\n<p>Maltodextrina, dextrosa, fructosa, levaduras y sus partes (Saccharomyces cerevisiae), MSM (Metilsulfonilmetan), glucano, extracto de armadura (80% silimarina), prop\u00f3leos.<\/p>\n<h3>Dosificaci\u00f3n y administraci\u00f3n<\/h3>\n<p>1 tableta por paloma durante 2 a 6 d\u00edas consecutivos antes de una carrera.<\/p>\n<h3>Tama\u00f1o<\/h3>\n<p>90 tabletas<\/p>\n","protected":false},"excerpt":{"rendered":"<p>UN CONCENTRADO DE ELEMENTOS FISIOL\u00d3GICOS NUTRICIONALES QUE CONSTRUYEN Y FORTALECEN UN ORGANISMO SANO, RESISTENTE AL ESFUERZO F\u00cdSICO, LA FATIGA, EL ESTR\u00c9S Y LA ENFERMEDAD. Fly Power est\u00e1 dise\u00f1ado en forma de tabletas como medida de administraci\u00f3n individual, para asegurar que cada paloma reciba la dosis adecuada.\u00a0De esta forma, las posibilidades de que el producto ejerza<\/p>\n<div class=\"klb-readmore button\"><a class=\"btn link\" href=\"https:\/\/klnpigeon.com\/index.php\/producto\/cest-fly-power-tab-aumenta-el-acondicionamiento\/\">Read More <i class=\"klbth-icon-right-arrow\"><\/i><\/a><\/div>\n","protected":false},"featured_media":4482,"comment_status":"open","ping_status":"closed","template":"","meta":[],"product_cat":[117],"product_tag":[],"class_list":{"0":"post-4487","1":"product","2":"type-product","3":"status-publish","4":"has-post-thumbnail","6":"product_cat-cest-pharma","8":"first","9":"outofstock","10":"shipping-taxable","11":"purchasable","12":"product-type-simple"},"jetpack_sharing_enabled":true,"_links":{"self":[{"href":"https:\/\/klnpigeon.com\/index.php\/wp-json\/wp\/v2\/product\/4487","targetHints":{"allow":["GET"]}}],"collection":[{"href":"https:\/\/klnpigeon.com\/index.php\/wp-json\/wp\/v2\/product"}],"about":[{"href":"https:\/\/klnpigeon.com\/index.php\/wp-json\/wp\/v2\/types\/product"}],"replies":[{"embeddable":true,"href":"https:\/\/klnpigeon.com\/index.php\/wp-json\/wp\/v2\/comments?post=4487"}],"wp:featuredmedia":[{"embeddable":true,"href":"https:\/\/klnpigeon.com\/index.php\/wp-json\/wp\/v2\/media\/4482"}],"wp:attachment":[{"href":"https:\/\/klnpigeon.com\/index.php\/wp-json\/wp\/v2\/media?parent=4487"}],"wp:term":[{"taxonomy":"product_cat","embeddable":true,"href":"https:\/\/klnpigeon.com\/index.php\/wp-json\/wp\/v2\/product_cat?post=4487"},{"taxonomy":"product_tag","embeddable":true,"href":"https:\/\/klnpigeon.com\/index.php\/wp-json\/wp\/v2\/product_tag?post=4487"}],"curies":[{"name":"wp","href":"https:\/\/api.w.org\/{rel}","templated":true}]}}