{"id":4466,"date":"2023-07-29T22:54:54","date_gmt":"2023-07-29T22:54:54","guid":{"rendered":"https:\/\/klnpigeon.com\/?post_type=product&#038;p=4466"},"modified":"2026-03-24T16:56:09","modified_gmt":"2026-03-24T16:56:09","slug":"cest-ambronil-para-palomas-para-cocci-cancro-gusanos-y-respiratorio","status":"publish","type":"product","link":"https:\/\/klnpigeon.com\/index.php\/producto\/cest-ambronil-para-palomas-para-cocci-cancro-gusanos-y-respiratorio\/","title":{"rendered":"Cest Ambronil para Palomas &#8211; Para Cocci, Cancro, Gusanos y Respiratorio"},"content":{"rendered":"<div class=\"card__header\">\n<h2 class=\"card__title heading h3\"><span style=\"font-size: 16px;\">UN REVOLUCIONARIO TRATAMIENTO MULTI-ENFERMEDAD PARA PALOMAS QUE CONTIENE AMPROLIO, LEVAMISOL, RONIDAZOL Y BROMHEXINA<\/span><\/h2>\n<\/div>\n<div class=\"card__section\">\n<div class=\"rte text--pull\">\n<div class=\"module module-text tb_5q2b344\">\n<div class=\"tb_text_wrap\">\n<div class=\"et_pb_module et_pb_text et_pb_text_1 et_pb_text_align_left et_pb_bg_layout_light\">\n<div class=\"et_pb_text_inner\">\n<p>Ambronil Powder es el tratamiento final y equilibrado para el cancro, la coccidiosis y los par\u00e1sitos gastrointestinales\/pulmonares en las palomas.\u00a0Ambronil tambi\u00e9n contiene Levamisol, que es un agente de limpieza bronquial y de las v\u00edas respiratorias superiores ampliamente utilizado, que mantiene el tracto libre de mucosidad e inflamaci\u00f3n.<\/p>\n<p>\u00a1Haga de Ambronil su producto favorito para la prevenci\u00f3n de m\u00faltiples enfermedades y una funci\u00f3n respiratoria \u00f3ptima durante la competencia!<\/p>\n<h3>Beneficios del producto<\/h3>\n<ul>\n<li>Contiene la mezcla perfecta de cuatro ingredientes activos para convertirlo en el mejor tratamiento multi-enfermedad para palomas del mercado<\/li>\n<li>Ayuda a eliminar cancros, cocos, par\u00e1sitos pulmonares e intestinales, as\u00ed como despejar las v\u00edas respiratorias del ave.<\/li>\n<li>Seguro de usar durante la temporada de carreras y antes de la reproducci\u00f3n.<\/li>\n<li>Formulado por veterinarios y probado por colomb\u00f3filos<\/li>\n<li>Fabricado en Europa con ingredientes de calidad.<\/li>\n<li>Importado<\/li>\n<\/ul>\n<\/div>\n<\/div>\n<\/div>\n<\/div>\n<div class=\"module module-text tb_n0bn165\">\n<div class=\"tb_text_wrap\">\n<div class=\"et_pb_module et_pb_text et_pb_text_1 et_pb_text_align_left et_pb_bg_layout_light\">\n<div class=\"et_pb_text_inner\">\n<h3 class=\"et_pb_text_inner\">Ingredientes activos<\/h3>\n<p>Clorhidrato de amprolio, levamisol HCl, ronidazol, bromhexina HCl<\/p>\n<\/div>\n<div class=\"et_pb_text_inner\"><\/div>\n<h3 class=\"et_pb_text_inner\">Dosificaci\u00f3n y administraci\u00f3n<\/h3>\n<div class=\"et_pb_text_inner\">5 g (1 cucharadita) por cuarto de gal\u00f3n (32 fl oz) de agua potable durante 5 a 7 d\u00edas consecutivos.\u00a0El agua medicada debe prepararse justo antes de la administraci\u00f3n.<\/div>\n<div class=\"et_pb_text_inner\"><strong>Tenga en cuenta:<\/strong>\u00a0\u00a0trate 3 semanas antes del comienzo de la temporada de reproducci\u00f3n.\u00a0<strong><em>Debido a la presencia de bromhexina en la f\u00f3rmula, el tratamiento debe interrumpirse\u00a072 horas (3 d\u00edas) antes de la competencia\u00a0.\u00a0Ambronil est\u00e1 indicado para ser realizado a partir del primer d\u00eda despu\u00e9s de la vuelta de la carrera.\u00a0Puede usarse como preventivo cada 8-10 semanas.<\/em><\/strong><\/div>\n<div class=\"et_pb_text_inner\"><\/div>\n<h3 class=\"et_pb_text_inner\">Contraindicaciones<\/h3>\n<div class=\"et_pb_text_inner\">\n<ul>\n<li>No administrar en casos de hipersensibilidad a los principios activos o a alguno de los excipientes<\/li>\n<li>No usar en el tratamiento de palomas menores de 2 meses.<\/li>\n<li>No utilizar durante la temporada de muda y eclosi\u00f3n.<\/li>\n<li>Debe usarse dentro de los 90 d\u00edas posteriores a la apertura.<\/li>\n<\/ul>\n<h3>Tama\u00f1o<\/h3>\n<p>80 g (2,8 onzas)<\/p>\n<p><span style=\"color: #ff0000;\">* Descargo de responsabilidad: este producto es solo para aves de compa\u00f1\u00eda.\u00a0No para animales cuya carne o huevos se destinen al consumo humano*<\/span><\/p>\n<\/div>\n<\/div>\n<\/div>\n<\/div>\n<\/div>\n<\/div>\n","protected":false},"excerpt":{"rendered":"<p>UN REVOLUCIONARIO TRATAMIENTO MULTI-ENFERMEDAD PARA PALOMAS QUE CONTIENE AMPROLIO, LEVAMISOL, RONIDAZOL Y BROMHEXINA Ambronil Powder es el tratamiento final y equilibrado para el cancro, la coccidiosis y los par\u00e1sitos gastrointestinales\/pulmonares en las palomas.\u00a0Ambronil tambi\u00e9n contiene Levamisol, que es un agente de limpieza bronquial y de las v\u00edas respiratorias superiores ampliamente utilizado, que mantiene el tracto<\/p>\n<div class=\"klb-readmore button\"><a class=\"btn link\" href=\"https:\/\/klnpigeon.com\/index.php\/producto\/cest-ambronil-para-palomas-para-cocci-cancro-gusanos-y-respiratorio\/\">Read More <i class=\"klbth-icon-right-arrow\"><\/i><\/a><\/div>\n","protected":false},"featured_media":4462,"comment_status":"open","ping_status":"closed","template":"","meta":[],"product_cat":[117],"product_tag":[],"class_list":{"0":"post-4466","1":"product","2":"type-product","3":"status-publish","4":"has-post-thumbnail","6":"product_cat-cest-pharma","8":"first","9":"instock","10":"shipping-taxable","11":"purchasable","12":"product-type-simple"},"jetpack_sharing_enabled":true,"_links":{"self":[{"href":"https:\/\/klnpigeon.com\/index.php\/wp-json\/wp\/v2\/product\/4466","targetHints":{"allow":["GET"]}}],"collection":[{"href":"https:\/\/klnpigeon.com\/index.php\/wp-json\/wp\/v2\/product"}],"about":[{"href":"https:\/\/klnpigeon.com\/index.php\/wp-json\/wp\/v2\/types\/product"}],"replies":[{"embeddable":true,"href":"https:\/\/klnpigeon.com\/index.php\/wp-json\/wp\/v2\/comments?post=4466"}],"wp:featuredmedia":[{"embeddable":true,"href":"https:\/\/klnpigeon.com\/index.php\/wp-json\/wp\/v2\/media\/4462"}],"wp:attachment":[{"href":"https:\/\/klnpigeon.com\/index.php\/wp-json\/wp\/v2\/media?parent=4466"}],"wp:term":[{"taxonomy":"product_cat","embeddable":true,"href":"https:\/\/klnpigeon.com\/index.php\/wp-json\/wp\/v2\/product_cat?post=4466"},{"taxonomy":"product_tag","embeddable":true,"href":"https:\/\/klnpigeon.com\/index.php\/wp-json\/wp\/v2\/product_tag?post=4466"}],"curies":[{"name":"wp","href":"https:\/\/api.w.org\/{rel}","templated":true}]}}