{"id":4442,"date":"2023-07-29T22:42:22","date_gmt":"2023-07-29T22:42:22","guid":{"rendered":"https:\/\/klnpigeon.com\/?post_type=product&#038;p=4442"},"modified":"2023-12-24T00:34:53","modified_gmt":"2023-12-24T00:34:53","slug":"cest-pharma-amino-forte-para-palomas","status":"publish","type":"product","link":"https:\/\/klnpigeon.com\/index.php\/producto\/cest-pharma-amino-forte-para-palomas\/","title":{"rendered":"Cest Pharma Amino Forte para Palomas"},"content":{"rendered":"<div class=\"module module-text tb_ea47573\">\n<div class=\"tb_text_wrap\">\n<div class=\"et_pb_module et_pb_text et_pb_text_1 et_pb_text_align_left et_pb_bg_layout_light\">\n<div class=\"et_pb_text_inner\">\n<h5>COMPLEMENTO ALIMENTICIO COMPLEMENTARIO PARA PALOMAS QUE CONTIENE UNA MEZCLA \u00d3PTIMA DE AMINO\u00c1CIDOS, CARBOHIDRATOS, ELECTROLITOS Y VITAMINAS B.<\/h5>\n<p>Amino Forte es el suplemento definitivo para la salud total de las palomas durante todo el a\u00f1o.\u00a0Amino Forte estimula la flora intestinal y apoya el sistema inmunol\u00f3gico.\u00a0L-Metionina 5000 mg y L-Lisina 3000 mg son fuentes de prote\u00edna de alta calidad y son necesarias para la construcci\u00f3n muscular y la recuperaci\u00f3n despu\u00e9s de una carrera.<\/p>\n<p>Amino Forte se puede administrar durante todo el a\u00f1o en las \u00e9pocas de cr\u00eda, carreras y muda.\u00a0Tambi\u00e9n debe administrarse con medicaci\u00f3n o despu\u00e9s de la vacunaci\u00f3n para apoyar el metabolismo y reducir el riesgo de efectos secundarios.<\/p>\n<\/div>\n<\/div>\n<\/div>\n<\/div>\n<div class=\"module module-text tb_pm1a575\">\n<div class=\"tb_text_wrap\">\n<div class=\"et_pb_module et_pb_text et_pb_text_1 et_pb_text_align_left et_pb_bg_layout_light\">\n<div class=\"et_pb_text_inner\">\n<div class=\"et_pb_column et_pb_column_4_4 et_pb_column_3 et_pb_css_mix_blend_mode_passthrough et-last-child\">\n<div class=\"et_pb_module et_pb_text et_pb_text_2 et_pb_text_align_left et_pb_bg_layout_light\">\n<div class=\"et_pb_text_inner\">\n<h3>Ingredientes<\/h3>\n<p>Propilenglicol, dextrosa, fructosa, inositol, cloruro de potasio, cloruro de magnesio, cloruro de calcio, acetato de sodio.\u00a0Aditivos, vitaminas y provitaminas:<br \/>\nB1 Tiamina (3a820), B2 Riboflavina, B3 Niacinamida (3a315), B5 D-Pantenol (3a842), B6 \u200b\u200bPiridoxina (3a831), B7 Biotina (3a880), B9 Folium sour (3a316), B12 Cobalamina , cloruro de colina (3a890), L-carnitina (3a910);\u00a0Aromatizantes: Glutamat;\u00a0Amino\u00e1cidos: L-metionina (3c305), L-lisina (3.2.3), L-treonina (3c410), L-tript\u00f3fano (3.4.1.)<\/p>\n<h3>Dosificaci\u00f3n y administraci\u00f3n<\/h3>\n<p><b><i>Carreras, reproducci\u00f3n y muda:\u00a0<\/i><\/b>\u00a015 ml (1 cucharada) a 1 litro de agua o 2.5 libras de alimento (3-5 d\u00edas a la semana).<\/p>\n<p><em><strong>No mezclar con Sedo Plus ni con productos que contengan cloruro de colina.<\/strong><\/em><\/p>\n<h3>Tama\u00f1o<\/h3>\n<p>1 litro (33,8 onzas l\u00edquidas)<\/p>\n<\/div>\n<\/div>\n<\/div>\n<\/div>\n<\/div>\n<\/div>\n<\/div>\n","protected":false},"excerpt":{"rendered":"<p>COMPLEMENTO ALIMENTICIO COMPLEMENTARIO PARA PALOMAS QUE CONTIENE UNA MEZCLA \u00d3PTIMA DE AMINO\u00c1CIDOS, CARBOHIDRATOS, ELECTROLITOS Y VITAMINAS B. Amino Forte es el suplemento definitivo para la salud total de las palomas durante todo el a\u00f1o.\u00a0Amino Forte estimula la flora intestinal y apoya el sistema inmunol\u00f3gico.\u00a0L-Metionina 5000 mg y L-Lisina 3000 mg son fuentes de prote\u00edna de<\/p>\n<div class=\"klb-readmore button\"><a class=\"btn link\" href=\"https:\/\/klnpigeon.com\/index.php\/producto\/cest-pharma-amino-forte-para-palomas\/\">Read More <i class=\"klbth-icon-right-arrow\"><\/i><\/a><\/div>\n","protected":false},"featured_media":4438,"comment_status":"open","ping_status":"closed","template":"","meta":[],"product_cat":[117],"product_tag":[],"class_list":{"0":"post-4442","1":"product","2":"type-product","3":"status-publish","4":"has-post-thumbnail","6":"product_cat-cest-pharma","8":"first","9":"instock","10":"shipping-taxable","11":"purchasable","12":"product-type-simple"},"jetpack_sharing_enabled":true,"_links":{"self":[{"href":"https:\/\/klnpigeon.com\/index.php\/wp-json\/wp\/v2\/product\/4442","targetHints":{"allow":["GET"]}}],"collection":[{"href":"https:\/\/klnpigeon.com\/index.php\/wp-json\/wp\/v2\/product"}],"about":[{"href":"https:\/\/klnpigeon.com\/index.php\/wp-json\/wp\/v2\/types\/product"}],"replies":[{"embeddable":true,"href":"https:\/\/klnpigeon.com\/index.php\/wp-json\/wp\/v2\/comments?post=4442"}],"wp:featuredmedia":[{"embeddable":true,"href":"https:\/\/klnpigeon.com\/index.php\/wp-json\/wp\/v2\/media\/4438"}],"wp:attachment":[{"href":"https:\/\/klnpigeon.com\/index.php\/wp-json\/wp\/v2\/media?parent=4442"}],"wp:term":[{"taxonomy":"product_cat","embeddable":true,"href":"https:\/\/klnpigeon.com\/index.php\/wp-json\/wp\/v2\/product_cat?post=4442"},{"taxonomy":"product_tag","embeddable":true,"href":"https:\/\/klnpigeon.com\/index.php\/wp-json\/wp\/v2\/product_tag?post=4442"}],"curies":[{"name":"wp","href":"https:\/\/api.w.org\/{rel}","templated":true}]}}