{"id":4395,"date":"2023-07-29T22:11:52","date_gmt":"2023-07-29T22:11:52","guid":{"rendered":"https:\/\/klnpigeon.com\/?post_type=product&#038;p=4395"},"modified":"2026-03-25T22:54:20","modified_gmt":"2026-03-25T22:54:20","slug":"cest-respiratory-plus-doxy-tyl-polvo-vitaminas-para-palomas","status":"publish","type":"product","link":"https:\/\/klnpigeon.com\/index.php\/producto\/cest-respiratory-plus-doxy-tyl-polvo-vitaminas-para-palomas\/","title":{"rendered":"Cest Respiratory Plus &#8211; Doxy-Tyl Polvo + Vitaminas para Palomas"},"content":{"rendered":"<div class=\"product-block-list__item product-block-list__item--description\">\n<div class=\"card\">\n<div class=\"card__section\">\n<div class=\"rte text--pull\">\n<h5>UNA POTENTE COMBINACI\u00d3N DE DOXICICLINA Y TILOSINA EN POLVO PARA INFECCIONES RESPIRATORIAS EN AVES<\/h5>\n<p>Respiratory Plus fue formulado espec\u00edficamente para tratar y prevenir las infecciones respiratorias m\u00e1s comunes en las aves:\u00a0\u00a0Chlamydia, Mycoplasma y Ornithosis complex.<\/p>\n<p>Los dos ingredientes activos de Respiratory Plus, la doxiciclina y la tilosina, ayudan a tratar las v\u00edas respiratorias superiores e inferiores, mientras que sus vitaminas inmunoestimulantes a\u00f1adidas ayudan a una r\u00e1pida absorci\u00f3n.<\/p>\n<h3>Beneficios clave<\/h3>\n<ul>\n<li>Contiene la combinaci\u00f3n m\u00e1s efectiva de ingredientes activos para tratar Clamidia, Micoplasma y Ornitosis<\/li>\n<li>Ayuda a minimizar los s\u00edntomas de estornudos, congesti\u00f3n y ojos hinchados.<\/li>\n<li>Las vitaminas a\u00f1adidas aumentan la absorci\u00f3n de medicamentos y fortalecen el sistema inmunol\u00f3gico para una recuperaci\u00f3n m\u00e1s r\u00e1pida<\/li>\n<li>Formulado por veterinarios y probado minuciosamente por colomb\u00f3filos<\/li>\n<li>Fabricado en Europa con ingredientes de calidad.<\/li>\n<li>Importado<\/li>\n<\/ul>\n<h3>Ingredientes activos<\/h3>\n<p>Doxiciclina Hcl, Tilosina<\/p>\n<h3>ingredientes inactivos<\/h3>\n<p>Vitaminas A, C, B1, B2, B6, K3<\/p>\n<h3>Dosificaci\u00f3n y administraci\u00f3n<\/h3>\n<p>5 gramos (1 cucharadita) por 1\/2 gal\u00f3n de agua potable durante 3 a 7 d\u00edas consecutivos.\u00a0Cambie el agua diariamente.<\/p>\n<h3>Tallas<\/h3>\n<p>10 sobres de 5 g y 100 g (3,5 oz) de polvo\u00a0<strong>enviados en 4 sobres de 25 g<\/strong><\/p>\n<\/div>\n<\/div>\n<\/div>\n<\/div>\n<div class=\"product-block-list__item product-block-list__item--content\">\n<div class=\"card\">\n<div class=\"card__header\">\n<h2 class=\"card__title heading h3\">Nuestra pol\u00edtica de env\u00edo<\/h2>\n<\/div>\n<div class=\"card__section expandable-content expandable-content--expandable\" aria-expanded=\"true\">\n<div class=\"rte text--pull\">\n<h5><strong>PRIORITY MAIL Y UPS GROUND NO SON SERVICIOS GARANTIZADOS Y NO GARANTIZAN UNA FECHA DE ENTREGA.<\/strong><\/h5>\n<p>Nos esforzamos por enviar todos los art\u00edculos de la manera m\u00e1s eficiente y rentable posible.\u00a0Por favor revise lo siguiente:<\/p>\n<p><strong>Detalles de procesamiento de pedidos<\/strong><\/p>\n<ol>\n<li>El tiempo de procesamiento est\u00e1ndar para pedidos es de 1 a 2 d\u00edas h\u00e1biles<\/li>\n<li>Los pedidos se procesan de lunes a viernes de 8 am a 4 pm CST.\u00a0No operamos ni procesamos env\u00edos los fines de semana, feriados nacionales y despu\u00e9s de las 4:00 p. m. CST<\/li>\n<li>Los pedidos deben realizarse antes de las 3:00 p. m. para que se procesen el mismo d\u00eda (sin embargo, el tama\u00f1o del pedido y la disponibilidad del producto podr\u00edan retrasar esto)<\/li>\n<li>Los pedidos se procesan a medida que se reciben<\/li>\n<\/ol>\n<h3><strong>Mercanc\u00eda da\u00f1ada en tr\u00e1nsito y paquetes perdidos o mal entregados<\/strong><\/h3>\n<p>Hacemos todo lo posible para empaquetar todos los art\u00edculos de la mejor manera posible y tambi\u00e9n verificamos la precisi\u00f3n de los detalles de \u00abEnviar a\u00bb.\u00a0Sin embargo, si recibe alg\u00fan art\u00edculo da\u00f1ado o no recibi\u00f3 su paquete 7 d\u00edas h\u00e1biles despu\u00e9s de que el pedido sali\u00f3 de nuestras instalaciones, env\u00edenos un correo electr\u00f3nico a\u00a0<strong>\u00a0info@birdpalproducts.com\u00a0<\/strong><strong>.\u00a0<\/strong>\u00a0Cada situaci\u00f3n es diferente, por lo que trabajaremos con la mayor diligencia posible para evaluar y resolver su problema.<\/p>\n<\/div>\n<\/div>\n<\/div>\n<\/div>\n","protected":false},"excerpt":{"rendered":"<p>UNA POTENTE COMBINACI\u00d3N DE DOXICICLINA Y TILOSINA EN POLVO PARA INFECCIONES RESPIRATORIAS EN AVES Respiratory Plus fue formulado espec\u00edficamente para tratar y prevenir las infecciones respiratorias m\u00e1s comunes en las aves:\u00a0\u00a0Chlamydia, Mycoplasma y Ornithosis complex. Los dos ingredientes activos de Respiratory Plus, la doxiciclina y la tilosina, ayudan a tratar las v\u00edas respiratorias superiores e<\/p>\n<div class=\"klb-readmore button\"><a class=\"btn link\" href=\"https:\/\/klnpigeon.com\/index.php\/producto\/cest-respiratory-plus-doxy-tyl-polvo-vitaminas-para-palomas\/\">Read More <i class=\"klbth-icon-right-arrow\"><\/i><\/a><\/div>\n","protected":false},"featured_media":4398,"comment_status":"open","ping_status":"closed","template":"","meta":[],"product_cat":[117],"product_tag":[],"class_list":{"0":"post-4395","1":"product","2":"type-product","3":"status-publish","4":"has-post-thumbnail","6":"product_cat-cest-pharma","8":"first","9":"instock","10":"shipping-taxable","11":"purchasable","12":"product-type-simple"},"jetpack_sharing_enabled":true,"_links":{"self":[{"href":"https:\/\/klnpigeon.com\/index.php\/wp-json\/wp\/v2\/product\/4395","targetHints":{"allow":["GET"]}}],"collection":[{"href":"https:\/\/klnpigeon.com\/index.php\/wp-json\/wp\/v2\/product"}],"about":[{"href":"https:\/\/klnpigeon.com\/index.php\/wp-json\/wp\/v2\/types\/product"}],"replies":[{"embeddable":true,"href":"https:\/\/klnpigeon.com\/index.php\/wp-json\/wp\/v2\/comments?post=4395"}],"wp:featuredmedia":[{"embeddable":true,"href":"https:\/\/klnpigeon.com\/index.php\/wp-json\/wp\/v2\/media\/4398"}],"wp:attachment":[{"href":"https:\/\/klnpigeon.com\/index.php\/wp-json\/wp\/v2\/media?parent=4395"}],"wp:term":[{"taxonomy":"product_cat","embeddable":true,"href":"https:\/\/klnpigeon.com\/index.php\/wp-json\/wp\/v2\/product_cat?post=4395"},{"taxonomy":"product_tag","embeddable":true,"href":"https:\/\/klnpigeon.com\/index.php\/wp-json\/wp\/v2\/product_tag?post=4395"}],"curies":[{"name":"wp","href":"https:\/\/api.w.org\/{rel}","templated":true}]}}